
Suppose 4*f - i - 52402 = 0, -5*f + 2*i = -28877 - 36630. What is the thousands digit of f?
3
Suppose 0 = 9*x - 7*x, 4*x - 384 = -2*h. Let i be 2 + (-2)/1 + -99. Let z = i + h. What is the tens digit of z?
9
Let r(d) = 77*d + 50. Let t be r(25). Let p = t - 1132. What is the units digit of p?
3
Let k(p) = p**3 + 66*p**2 + 32*p - 190. What is the hundreds digit of k(-65)?
9
Suppose -68 = -3*u - n, 5*u - 140 = -0*u + 5*n. What is the thousands digit of ((-42)/u)/(2/(-1352))?
1
Let g(u) = -227*u - 21. Let x be g(-9). Let h = x + -862. What is the units digit of h?
0
Let t(w) = 578*w**2 + 2*w + 2 + 9 - 10. What is the tens digit of t(-1)?
7
Let z = 60 + -58. Suppose z*h - 5*b = -2*b + 602, -b - 598 = -2*h. What is the tens digit of h?
9
Suppose -7*z + 18 = 2*z. Suppose -6*l - z*l = -1088. What is the hundreds digit of l?
1
Suppose 3*f + 783 = 3*a - 999, 2*a + f = 1179. Suppose 0 = -i - 5*v + 183, 0*i + v = -3*i + a. What is the hundreds digit of i?
1
Let k be ((-52)/6)/((-4)/156). Suppose 0 = 3*b - k - 391. What is the tens digit of b?
4
Suppose 2*q - 86198 = 5*m, 5*m - 113132 = -3*q + 16215. What is the units digit of q?
9
Suppose -2*t - 18 = 4*v, 5*v + t + 5 = -10. Let o be v/(2/(-3)) - 3. What is the tens digit of (-12)/(o - -3) - -51?
4
Let r be -2 - -4 - 809 - 2 - -4. Let g = r - -1187. What is the hundreds digit of g?
3
Let d(s) = s**3 + 8*s**2 + 3*s + 2. Let p(n) = -10*n**3 - 2*n - 1. Let j be p(-1). Let h(w) = 2*w - 28. Let x be h(j). What is the units digit of d(x)?
6
Let l(c) = -c**3 + 17 - 25*c**2 - 3*c**2 + 19 + 2*c + 11*c**2. What is the units digit of l(-18)?
4
Let t be (-1 + 997)*(-4)/(-16). Suppose t*r - 252*r = -1119. What is the units digit of r?
3
Let f(j) be the first derivative of j**4/4 + 14*j**3/3 - 10*j**2 - 4*j + 127. Suppose -3*p = 5*m + 69, 3*p - 45 + 9 = 2*m. What is the tens digit of f(m)?
7
Suppose 23*y = 3*l + 2*l - 15615, 4*l = -y + 12589. What is the tens digit of l?
4
What is the tens digit of (-30 + (-1278)/36)*(-53 + -1)?
3
Let m(k) = -86*k - 269. What is the thousands digit of m(-22)?
1
Suppose 4*o = 18*u - 265664, -u + 6*o = 9*o - 14772. What is the hundreds digit of u?
7
Let a = 40048 + -27861. What is the hundreds digit of a?
1
Suppose -64975 + 9290 = -7*z. Suppose 14*c - z - 1509 = 0. What is the hundreds digit of c?
6
Suppose -2*j = 5*s - 385, -3*s = -5*j + s + 880. Suppose 0*a = -5*m + a, 0 = 3*m - 2*a. Suppose j = -m*y + 6*y. What is the units digit of y?
0
What is the units digit of ((-132)/176)/(6/(-4))*7530?
5
Let k = -8041 + 17076. What is the tens digit of k?
3
Let f = 873 + 1739. Suppose f = 3*c + c - 4*o, 2*c + o = 1315. What is the hundreds digit of c?
6
Let h be (-10)/(-4)*(-4)/(-5) - 10. Let n(j) = 2*j. Let x(b) = 5*b. Let g(d) = h*n(d) + 3*x(d). What is the units digit of g(-2)?
2
Suppose 8 = -0*i + 2*i + 2*m, 0 = 5*m. Let l(o) = 7*o + 47. Let g be l(-6). Suppose -i*y + 138 = 2*f, 3*y = g*f - 3*f + 93. What is the tens digit of y?
3
Let m(x) = 1196*x**2 + 5*x + 1. Let k be m(3). Suppose -4*b - k = -8*b. What is the hundreds digit of b/21 - (-3)/((-27)/(-6))?
1
Let p(r) = -r**3 + 5*r**2 + 15*r - 1. Let t be p(7). Suppose -t*o + 10*o - 764 = 0. What is the tens digit of o?
9
Let f be (-5)/(-20) + 76/16. Suppose 184 = f*t - 7*t. Let c = -45 - t. What is the tens digit of c?
4
Let u = 463 + 142. Let m = 34 + u. What is the tens digit of m?
3
Suppose -31 = -x - 0*x. Suppose -5*f + x = -2*t + 81, -3*f - 46 = -2*t. Suppose 0 = 5*d - t - 15. What is the units digit of d?
7
Let j = 3 - 0. What is the tens digit of 294 + -6*j/(-18)?
9
Suppose -4*j - 7 = -3*f + 1, j + 2 = 4*f. Suppose -9*u - 7 + 205 = f. What is the tens digit of u?
2
Let j(m) = -53*m + 3373. What is the thousands digit of j(-31)?
5
Let x(y) = 3*y + 11. Let d be x(-4). Let h be (-1)/(d/(-105)*-3). Suppose -h*f + 248 = -31*f. What is the tens digit of f?
6
Suppose 559692 = -126*i + 1378566. What is the thousands digit of i?
6
Suppose -85*z = -80*z - 4550. Suppose 868 = 4*y - 4*k, 3*y + k - z = -239. What is the hundreds digit of y?
2
Let k(a) = 68*a**2 - 15*a - 106. What is the units digit of k(10)?
4
Let a(g) be the first derivative of 22*g**3/3 - 8*g + 43. What is the tens digit of a(-4)?
4
Let b be (-33)/9 + (-1)/3. What is the units digit of ((10/(-15))/2)/(b/1416)?
8
Let x(j) = 4*j - 15. Suppose -3*t = 5*r - 5, -2 = 2*r + 2. Let s be x(t). Suppose -s*p - 5*q + 550 = 0, 4*p = -8*q + 3*q + 443. What is the hundreds digit of p?
1
Let y(n) be the third derivative of n**5/30 + 3*n**4/8 - 6*n**2. Let i be y(5). Let f = 159 - i. What is the units digit of f?
4
Let u(b) = 45*b - 13*b - 102 - b - 42*b**2 - b**3. What is the tens digit of u(-43)?
1
Suppose -163*h + 74406 = 96*h - 608318. What is the tens digit of h?
3
What is the ten thousands digit of (29574/10)/(351/5850)?
4
Let u(i) = -49594*i - 1049. What is the thousands digit of u(-1)?
8
Let n(m) = -3*m**3 - 30*m**2 - 13*m + 599. What is the thousands digit of n(-22)?
8
Suppose 6*h = -s + h + 4015, 5*s - 3*h = 19935. Suppose s = 9*d - 4*d. What is the tens digit of d?
9
Let o be (-118)/(-2) - (2 + -2). Let k be ((-48)/(12/3))/((-10)/85). Let p = k - o. What is the tens digit of p?
4
Let a = 34 - 15. Suppose a*g = 52*g - 1353. What is the tens digit of g?
4
Let i be (0 - -6)/(5/((-125)/(-1))). Suppose -f - 2*l - i = 0, -2*f = 8*l - 3*l + 305. Let u = 278 + f. What is the tens digit of u?
3
Suppose -81*k - 373785 = -1685854 - 291164. What is the hundreds digit of k?
7
Let j = 6 + -12. Let c(o) be the second derivative of -7*o**3/6 - 33*o**2/2 - 4*o - 24. What is the units digit of c(j)?
9
Let p = -425 + 443. Suppose 484 + 848 = p*r. What is the units digit of r?
4
Suppose 3*d = 4*u + 50183, -2*u + 66869 = 4*d + u. What is the thousands digit of d?
6
Let p be 12*2 + 15 + -11. Suppose 937 = 2*g - r, 2*g = -p*r + 24*r + 912. What is the hundreds digit of g?
4
Let m(x) = 833*x**2 + 450*x + 10. What is the ten thousands digit of m(-4)?
1
Let d = 83709 - 55602. What is the tens digit of d?
0
Let y(n) = -631*n + 2380. What is the units digit of y(-49)?
9
Let r be (-6)/((-13)/((-2730)/(-12))). Let k = 252 + r. What is the hundreds digit of k?
3
Suppose -160 + 205 = 9*o. Suppose -6*g - 4*q + 1000 = -2*g, -1271 = -o*g + 2*q. What is the tens digit of g?
5
Let n = -284 + 1439. Suppose n = 9*x + 354. What is the tens digit of x?
8
Let v(y) = -7 + 67 + 118 + y. What is the hundreds digit of v(-25)?
1
Suppose -8 - 16 = -2*r. Suppose -5 = 3*g - 4*c, -6*g + 4*g - 5*c + r = 0. What is the units digit of (-26)/(-3 - (-2)/g)?
6
Suppose -5*q + 55 = a - 3*a, 5*q = a + 30. What is the units digit of (1410/a + -5)/(1/(-5))?
7
Let v(o) = o**3 + 5*o**2 - 14*o + 4. Let f(t) = -3*t**2 + 5*t - 5. Let u be f(2). Let r be v(u). What is the units digit of r + -3 - 0/(1 - -1)?
1
Let i be 156/104*40/6. Suppose 0 = -i*l + 34*l - 9696. What is the hundreds digit of l?
4
Suppose 0 = -t - 4, 2*m + t - 78 = 4*t. Suppose -2*w - m + 41 = 0. Suppose s = w*s - 45. What is the tens digit of s?
1
Let r be (-182)/(-15) + 6 + (-552)/90. Let h(t) = 76*t + 5 + r*t**3 - 81*t + 4*t**3 + 3*t**2. What is the tens digit of h(2)?
3
Suppose 8*u = 3*u + 45. Suppose -u*z - 2834 + 11978 = 0. What is the thousands digit of z?
1
Let o be -2 - ((10 - 4) + -3). Let r be (-49)/(-35) + 2/o. What is the units digit of 6 + r - 3*(-20)/15?
1
Suppose 119*t + 173326 - 1015013 = 0. What is the tens digit of t?
7
Let m = -5588 + 9807. Let d = m + -2906. What is the hundreds digit of d?
3
Let z be (32/(-2))/((-6*1)/3). Suppose -z*a + 126 + 10 = 0. Suppose 0 = -a*d + 12*d + 335. What is the units digit of d?
7
Let z(c) = 88*c - 48. Let y be z(-4). Let r = y + 708. What is the units digit of r?
8
Suppose 3*i + 1 - 13 = 0. Let r = 3067 + -2249. What is the tens digit of r/i - (-7)/(-14)?
0
Let a(z) = -14*z**3 - 8*z**3 + 9*z - 15*z**3 + 9*z**2 + 36*z**3 + 17. Let g be a(10). Suppose g*o - 288 = -2*o. What is the tens digit of o?
3
Let c be 422/18*5 - 18/81. Let g = c + 119. Let w = g + -127. What is the hundreds digit of w?
1
Let k = -56 - -65. Suppose -k*v + 4032 = 7*v. Suppose 7*l - v = 4*l. What is the units digit of l?
4
Suppose 5*u - 12781 = -3*j, 2*u + 13942 + 7308 = 5*j. Suppose -5*p + j = -3*i, -4*p = -5*i - 1661 - 1751. What is the units digit of p?